ase 6) in base 11?
-127
-1 (base 12) to base 10
-1
-12 (base 7) to base 11
-9
4 (base 15) to base 12
4
What is 3 (base 7) in base 15?
3
Convert 23 (base 4) to base 3.
102
What is 18 (base 12) in base 3?
202
What is 0 (base 5) in base 12?
0
What is -1323 (base 5) in base 3?
-21220
d (base 14) to base 4
31
Convert 112 (base 3) to base 13.
11
-56 (base 7) to base 12
-35
Convert 2 (base 5) to base 7.
2
-24 (base 10) to base 2
-11000
Convert -33 (base 4) to base 9.
-16
Convert 228 (base 12) to base 5.
2240
40 (base 6) to base 8
30
What is 120 (base 4) in base 7?
33
6 (base 11) to base 16
6
Convert 200 (base 3) to base 15.
13
70 (base 12) to base 9
103
Convert 1 (base 15) to base 12.
1
3 (base 12) to base 8
3
What is 10220 (base 4) in base 2?
100101000
Convert 5 (base 14) to base 5.
10
What is -34 (base 13) in base 2?
-101011
Convert -3c (base 15) to base 4.
-321
-10 (base 3) to base 4
-3
Convert -34 (base 14) to base 9.
-51
What is 8 (base 9) in base 4?
20
-4 (base 16) to base 14
-4
Convert 0 (base 8) to base 14.
0
10 (base 4) to base 16
4
2 (base 10) to base 8
2
-2 (base 11) to base 3
-2
What is -2 (base 5) in base 14?
-2
Convert -1 (base 12) to base 2.
-1
5 (base 8) to base 15
5
Convert -13 (base 15) to base 12.
-16
What is -3 (base 8) in base 16?
-3
Convert 114 (base 8) to base 4.
1030
What is -5 (base 12) in base 4?
-11
-4 (base 14) to base 7
-4
Convert 3 (base 7) to base 2.
11
Convert -55 (base 8) to base 4.
-231
What is -9 (base 15) in base 4?
-21
Convert 7 (base 16) to base 9.
7
Convert 43 (base 6) to base 8.
33
-8 (base 16) to base 14
-8
What is -85 (base 12) in base 14?
-73
4 (base 16) to base 9
4
Convert -1102 (base 3) to base 6.
-102
-2 (base 11) to base 2
-10
Convert -24 (base 15) to base 7.
-46
Convert 100 (base 2) to base 13.
4
What is 4 (base 5) in base 12?
4
Convert -117 (base 12) to base 15.
-ad
Convert -16 (base 8) to base 3.
-112
1110 (base 5) to base 13
bc
-43 (base 8) to base 2
-100011
Convert 0 (base 5) to base 6.
0
21 (base 14) to base 16
1d
Convert -1 (base 5) to base 4.
-1
What is 30 (base 6) in base 4?
102
-10 (base 5) to base 8
-5
What is 135 (base 9) in base 13?
89
Convert 421 (base 7) to base 5.
1321
Convert -1 (base 15) to base 8.
-1
Convert 2c (base 16) to base 4.
230
216 (base 7) to base 15
76
What is -1b (base 13) in base 15?
-19
-202 (base 3) to base 5
-40
What is -23 (base 7) in base 5?
-32
110010100 (base 2) to base 5
3104
3 (base 15) to base 6
3
What is -4 (base 6) in base 2?
-100
186 (base 11) to base 2
11010111
What is -3 (base 11) in base 2?
-11
Convert -4b (base 16) to base 12.
-63
What is -5 (base 7) in base 5?
-10
What is -e (base 16) in base 6?
-22
Convert 1 (base 9) to base 12.
1
What is 2 (base 12) in base 4?
2
1c3 (base 13) to base 16
148
Convert -45 (base 6) to base 11.
-27
-2 (base 16) to base 10
-2
What is -2 (base 15) in base 6?
-2
-100000 (base 2) to base 16
-20
Convert 24 (base 7) to base 16.
12
20 (base 3) to base 5
11
-3 (base 4) to base 10
-3
-15 (base 8) to base 5
-23
Convert 1 (base 15) to base 9.
1
59 (base 12) to base 16
45
-55 (base 8) to base 16
-2d
Convert 10 (base 14) to base 7.
20
What is 21 (base 3) in base 12?
7
3 (base 9) to base 14
3
What is -110 (base 4) in base 11?
-19
0 (base 15) to base 12
0
11010000 (base 2) to base 14
10c
-1300 (base 4) to base 2
-1110000
What is 1a (base 13) in base 12?
1b
What is -15 (base 9) in base 10?
-14
-2c (base 13) to base 9
-42
111 (base 12) to base 16
9d
What is -78 (base 13) in base 2?
-1100011
4 (base 8) to base 16
4
What is 81 (base 16) in base 9?
153
What is -110 (base 2) in base 6?
-10
1 (base 13) to base 15
1
What is -20 (base 3) in base 2?
-110
-201 (base 3) to base 2
-10011
-2022 (base 5) to base 6
-1114
What is -11 (base 7) in base 3?
-22
What is 2 (base 9) in base 4?
2
What is 4 (base 16) in base 5?
4
What is -11 (base 3) in base 13?
-4
-21 (base 5) to base 9
-12
What is -505 (base 7) in base 9?
-307
Convert 10 (base 5) to base 2.
101
Convert -1 (base 14) to base 9.
-1
What is -1 (base 7) in base 14?
-1
What is 1 (base 12) in base 6?
1
55 (base 7) to base 2
101000
524 (base 6) to base 9
237
Convert 2 (base 10) to base 5.
2
Convert -75 (base 8) to base 6.
-141
Convert -5 (base 12) to base 8.
-5
-303 (base 8) to base 16
-c3
4 (base 10) to base 12
4
What is 28 (base 9) in base 15?
1b
Convert 1111011 (base 2) to base 5.
443
What is -6 (base 9) in base 16?
-6
What is -2b (base 15) in base 6?
-105
-6 (base 7) to base 10
-6
-221 (base 6) to base 10
-85
1103 (base 6) to base 8
377
29 (base 15) to base 7
54
-15 (base 13) to base 4
-102
What is -21 (base 10) in base 12?
-19
Convert 24 (base 6) to base 16.
10
-1 (base 8) to base 16
-1
1 (base 11) to base 16
1
What is -a (base 12) in base 14?
-a
Convert 0 (base 15) to base 6.
0
Convert -46 (base 9) to base 2.
-101010
11 (base 2) to base 8
3
What is -88 (base 14) in base 16?
-78
-2101 (base 3) to base 6
-144
11 (base 9) to base 12
a
-1 (base 13) to base 12
-1
Convert -81 (base 10) to base 3.
-10000
-10 (base 2) to base 5
-2
What is -18 (base 13) in base 9?
-23
What is -4 (base 8) in base 16?
-4
What is -3 (base 4) in base 12?
-3
Convert 32 (base 16) to base 5.
200
-12 (base 3) to base 11
-5
-11101 (base 2) to base 13
-23
53 (base 11) to base 4
322
What is -66 (base 14) in base 16?
-5a
-10 (base 12) to base 8
-14
Convert -3c (base 14) to base 4.
-312
-100 (base 3) to base 5
-14
What is -113 (base 9) in base 14?
-69
0 (base 5) to base 6
0
4 (base 10) to base 12
4
15 (base 7) to base 2
1100
What is -110101 (base 2) in base 8?
-65
Convert 24 (base 8) to base 16.
14
What is 13 (base 7) in base 13?
a
Convert 1 (base 3) to base 15.
1
2322 (base 4) to base 11
15a
-2 (base 11) to base 9
-2
Convert 0 (base 3) to base 4.
0
What is 1 (base 2) in base 8?
1
Convert 7 (base 13) to base 16.
7
What is -11000 (base 2) in base 13?
-1b
-1 (base 5) to base 3
-1
Convert 313 (base 5) to base 12.
6b
What is 0 (base 10) in base 11?
0
Convert 13 (base 4) to base 15.
7
What is 3 (base 14) in base 9?
3
Convert -34 (base 16) to base 5.
-202
-23 (base 4) to base 10
-11
What is 222 (base 3) in base 14?
1c
Convert 5 (base 16) to base 4.
11
What is 272 (base 8) in base 14?
d4
2 (base 12) to base 8
2
What is -202 (base 3) in base 4?
-110
What is 62 (base 12) in base 6?
202
Convert 5 (base 15) to base 2.
101
What is -14 (base 6) in base 13?
-a
360 (base 8) to base 6
1040
Convert -a (base 14) to base 9.
-11
What is -1 (base 3) in base 9?
-1
-85 (base 15) to base 4
-1331
What is 87 (base 9) in base 2?
1001111
Convert -55 (base 13) to base 3.
-2121
What is -1 (base 14) in base 15?
-1
-211 (base 5) to base 16
-38
Convert 31 (base 9) to base 16.
1c
Convert 1 (base 4) to base 10.
1
-100110010 (base 2) to base 5
-2211
Convert 19 (base 15) to base 6.
40
Convert a8 (base 13) to base 14.
9c
101 (base 2) to base 13
5
-11 (base 2) to base 4
-3
Convert -42 (base 8) to base 13.
-28
a (base 15) to base 2
1010
0 (base 16) to base 10
0
Convert -7 (base 13) to base 14.
-7
Convert 2 (base 13) to base 3.
2
What is 100002 (base 3) in base 16?
f5
Convert -1 (base 10) to base 14.
-1
What is -90 (base 14) in base 7?
-240
What is -8 (base 12) in base 14?
-8
Convert -3 (base 5) to base 9.
-3
Convert 0 (base 13) to base 10.
0
-303 (base 8) to base 13
-120
What is -10 (base 4) in base 10?
-4
What is -5 (base 8) in base 2?
-101
Convert 61 (base 10) to base 9.
67
-1 (base 3) to base 9
-1
-6 (base 9) to base 11
-6
32 (base 5) to base 12
15
-1 (base 12) to base 16
-1
c (base 14) to base 15
c
What is 3 (base 4) in base 6?
3
-335 (base 6) to base 15
-8b
Convert -12 (base 15) to base 8.
-21
Convert -9 (base 15) to base 13.
-9
What is 1 (base 8) in base 4?
1
39 (base 10) to base 12
33
1 (base 7) to base 10
1
-2110 (base 3) to base 13
-51
-107 (base 9) to base 4
-1120
Convert 1012 (base 7) to base 4.
11200
What is 113 (base 4) in base 2?
10111
-120 (base 3) to base 16
-f
What is -122 (base 3) in base 4?
-101
Convert -12 (base 10) to base 2.
-1100
5 (base 16) to base 14
5
What is 101 (base 5) in base 15?
1b
31 (base 4) to base 12
11
-351 (base 10) to base 2
-101011111
What is 115 (base 6) in base 5?
142
What is 1001 (base 2) in base 3?
100
Convert 1100 (base 2) to base 3.
110
Convert -1120 (base 3) to base 11.
-39
26 (base 14) to base 15
24
Convert 4 (base 13) to bas